9419. What is the remainder when y is divided by f?
15
What is the remainder when (-12)/150 + (-33635)/(-125) is divided by 27?
26
Let g(a) = -2*a + 81. Calculate the remainder when g(26) is divided by 13.
3
Suppose 89*a = 85*a + 44. What is the remainder when 38 is divided by (-2)/(-8)*-4 + (a - 0)?
8
Let y be (-3)/(-1 + (-402)/(-401)). What is the remainder when y/(-39) + 4/26 is divided by 16?
15
Let f = 248 - 194. What is the remainder when f is divided by 4?
2
Suppose 3*y = 4*g + 32, 6*g + 12 = 2*y + g. Let c = 711 - 669. Calculate the remainder when c is divided by y.
10
Suppose -5*i + 1485 = k, 9*i - 7*i - 4*k - 572 = 0. Calculate the remainder when i is divided by 15.
11
Let j(s) = s**2 - 7*s - 49. Let v be j(11). Let z = v - -34. Calculate the remainder when z is divided by 7.
1
Suppose 7*k = -70 + 364. What is the remainder when 206 is divided by k?
38
Let s(o) = o**3 - 8*o**2 + 3*o + 34. What is the remainder when s(8) is divided by 19?
1
Let o = 753 + -705. What is the remainder when 95 is divided by o?
47
Suppose y = 33 + 11. Suppose j = 37 + y. What is the remainder when j is divided by (-2 + -26)*(28/(-7) - -3)?
25
What is the remainder when 145 is divided by (-35)/2*(336/20)/(-14)?
19
Let s be (-6)/27 - 452/(-9) - -3. Suppose 14 = 2*z + u - 11, u = 4*z - s. What is the remainder when 14 is divided by z?
1
Suppose 9*k - k - 88 = 0. Let q be 2*2/6*3. Suppose q*f = f + 3. Calculate the remainder when k is divided by f.
2
Suppose -3*k - 35 = -4*k + 2*m, k - 19 = -2*m. Let c(p) = -p**3 - 9*p**2 - 10*p - 6. Calculate the remainder when k is divided by c(-8).
7
Let g(c) = -c + 36. What is the remainder when g(8) is divided by 10?
8
Let p = -47 - -57. Let u be (-1)/1 - 2 - -111. Suppose u = c + 3*c. What is the remainder when c is divided by p?
7
Let m = 99 - 64. Suppose 5*v - m = -10. Calculate the remainder when 5 is divided by v.
0
Let o be 0 - -1 - (0 + -1). Suppose o*j - 13 = 167. Let v = -2720 + 2743. What is the remainder when j is divided by v?
21
Let x = 519 + -456. What is the remainder when x is divided by 16?
15
Suppose -2*k - 5*d = 1, 5*k + 3*d - 11 + 4 = 0. Suppose -3*v + l + 73 = 0, 0 = -k*l + l + 2. What is the remainder when v is divided by 14?
11
Let d(f) = -2*f**3 + 3*f**2 + 3*f - 4. Let h be d(3). Let z = -30 - h. Let a = 32 + z. What is the remainder when 45 is divided by a?
21
Let f(p) = 5*p - 23. Let m(n) = -11*n + 1. Let h = 6 + -8. What is the remainder when m(h) is divided by f(7)?
11
Let n(r) = -2*r**2 + 19*r - 15. Suppose 0*v = -2*v + 14. Calculate the remainder when n(7) is divided by v.
6
What is the remainder when 14 is divided by (-2 - 12/(-18))*-6?
6
Suppose -94 = -3*p + w, 0 = -3*p - 3*w + 114. Calculate the remainder when 179 is divided by p.
14
Suppose 0 = j - 3*l + 7, 0 = -4*j + 2*l + l + 8. Let q(b) = b**2 + 3*b + 2. What is the remainder when 165 is divided by q(j)?
39
What is the remainder when 180 is divided by 554/12 - (14/12)/7?
42
Suppose 3*z + 5*r + 2 = 0, 3*r - 5*r - 26 = -3*z. Suppose -z*t + 2*t = -96. What is the remainder when 94 is divided by t?
22
Let w(t) = 12*t - 188. Calculate the remainder when 122 is divided by w(17).
10
Suppose 22*i - 405 = 57. Calculate the remainder when 38 is divided by i.
17
Let w(g) = -9*g**2 - 113*g + 77. Let v(d) = 3*d**2 + 38*d - 26. Let h(n) = 11*v(n) + 4*w(n). Calculate the remainder when h(-11) is divided by 5.
3
Suppose -28*t - 246 = -34*t. What is the remainder when t is divided by 9?
5
Suppose 3*b = -2 - 16. Let f = b + 13. Suppose f*t = 3*t + 228. Calculate the remainder when t is divided by 29.
28
Suppose -v = -3 + 5, -4*v - 2 = 3*s. Let o be s/4*2 - -36. Let x = o - 26. Calculate the remainder when 19 is divided by x.
8
Let w(a) = -a**2 + 20*a + 5. Let q be w(19). Let b = q + -7. Calculate the remainder when b is divided by (0 - -1)/((-4)/(-40)).
7
Suppose -5*n + 11 = 2*y, 2*y + 2*n = n + 7. Suppose -114 + 278 = 5*k + i, y*k + 4*i = 95. What is the remainder when 98 is divided by k?
32
Let x = 1 - -13. Let p(r) = 7*r - 26. Let k be p(6). Let s(i) = i**3 - 15*i**2 - 15*i + 11. Calculate the remainder when s(k) is divided by x.
13
Let r(p) = -p - 10. Let o be r(-11). Let s be (4 - 5)/(o/51). Let b = s - -80. Calculate the remainder when b is divided by 16.
13
Let n = -51 - -103. Let o(w) = -39*w - 615. What is the remainder when n is divided by o(-16)?
7
Suppose 2*g - 13 = -15, f + 2*g - 19 = 0. Let a = -15 + 27. Calculate the remainder when f is divided by a.
9
Suppose 3*y + 11 = 26. Suppose -v - 417 = y*c, 0 = -5*c + 5*v - 343 - 92. What is the remainder when 81 is divided by 20/8*c/(-10)?
18
Suppose 12 = 4*f, 6*f + 506 = u + 5*f. What is the remainder when u is divided by 167?
8
Let n be -1 - 5/((-5)/(-8)). Let a = n - -165. Suppose 6*p - 192 = a. Calculate the remainder when p is divided by 20.
18
Let v = -2341 - -2349. Calculate the remainder when 51 is divided by v.
3
Let l = 9 + -5. Suppose s = -l*g + g + 165, 5*s - 4*g = 749. Calculate the remainder when s is divided by 39.
36
Suppose 5*t + 207 = 1827. Suppose -63 = -3*p - 5*c + 215, 0 = -4*p + 5*c + t. Calculate the remainder when p is divided by 30.
26
Suppose g - 191 = 4*a, 2*a - 4 + 567 = 3*g. Suppose g = 3*d - 26. What is the remainder when d is divided by 36?
35
Let j be (-5)/((-15)/3)*229. Suppose 3*w - 4*n = 233, -2*n - j = -3*w + 3*n. What is the remainder when w is divided by 21?
20
Let r be (-1)/((2 + 0)/(-10)). Suppose -2*k - 3*k - r*x + 405 = 0, 0 = -4*k - 3*x + 326. Suppose z - 2 - 19 = 0. What is the remainder when k is divided by z?
20
Let q = -9 - -11. Let r(v) = v. Let f be r(q). Suppose -f*i = -i - 12. What is the remainder when 22 is divided by i?
10
Suppose -5*x = -3*x - 24. What is the remainder when 260 is divided by x?
8
Suppose 0*s - s + 4*l = -7, 2*s = -5*l + 40. Suppose 3*t - 51 = -s. Calculate the remainder when 46 is divided by t.
10
Suppose -5*v = n - 481, 5*v + 773 = 2*n - 114. What is the remainder when n is divided by 17?
14
Let k(p) = -1. Let y(h) = -h - 11. Let w(b) = 4*k(b) + y(b). Let l(v) = 8. Let r(t) = 5*l(t) + 3*w(t). Calculate the remainder when 2 is divided by r(-2).
0
Suppose 5*x + 0*d = 2*d + 378, -4*x + d = -300. Let h = 937 - 918. Calculate the remainder when x is divided by h.
17
Suppose 2*q - 39 = -33. Suppose 5*b = -q*u + 7, 17 = 3*u + u - b. Calculate the remainder when 9 is divided by u.
1
Suppose -26*l = 31*l - 4161. What is the remainder when 219 is divided by l?
0
Let x = -1646 - -1676. Suppose -2*u + 172 = 2*z + z, 5*u = 3*z - 179. Calculate the remainder when z is divided by x.
28
Let v(l) = -3*l + 7. Suppose -z + 3 = -k, 8*z - 45 = 5*z - 6*k. What is the remainder when v(-6) is divided by z?
4
What is the remainder when 2/(1 - 0) + 33 + -3 is divided by 24?
8
Suppose 3*d - 5*j = 28 + 19, 12 = -3*j. Let q = -137 - -137. Suppose q*k + 3*u = k - 37, -5*u - 3 = k. What is the remainder when k is divided by d?
4
Let i(f) = 2*f**2 - 8*f + 3. Let o = 20 - 13. What is the remainder when i(o) is divided by (-9)/3 + 4 - -15?
13
Let x = -87 - -100. Calculate the remainder when 51 is divided by x.
12
Let w(d) = 3*d**2 - 14*d + 20. Calculate the remainder when w(5) is divided by 2.
1
Suppose -106 - 10 = 2*k. Let x = -34 - k. Suppose -12 = -2*g + x. What is the remainder when 31 is divided by g?
13
Let z(d) = d**3 - 10*d**2 - 8*d - 4. Suppose -f - 12 = 4*u, -2*f + 4*u - 3*u + 21 = 0. What is the remainder when z(11) is divided by f?
5
Suppose 0 - 3 = -q. Let i = 21 + -14. Suppose 13*h - 60 = i*h. Calculate the remainder when h is divided by q.
1
Calculate the remainder when 174 is divided by (-30)/(-50) + 4755/75.
46
Suppose -9*d + 105 = -4*d. Let z be (-2)/8 - 1410/(-8). Let o = -95 + z. Calculate the remainder when o is divided by d.
18
Let p(x) = 14*x - 3. Let i be (-3 + (2 - -1))/(-1). Suppose i = -2*t + n + 4*n + 51, -5*t + 75 = 5*n. Calculate the remainder when p(4) is divided by t.
17
Suppose 0 = -5*x + 17 + 3. Let f be (-3)/x*(-72)/(-2). What is the remainder when (-36)/f*(-90)/(-4) is divided by 16?
14
Suppose 15 = 4*f - 17. Suppose -6*s + 140 = -88. Calculate the remainder when s is divided by f.
6
Suppose 0 = -f + 3*h + 91, f - 4*h + 21 = 112. Calculate the remainder when f is divided by 23.
22
Let b = -12 - -49. Suppose 0 = b*z - 